9 (base 13) to base 9.
53
Convert 6 (base 8) to base 14.
6
Convert 2 (base 3) to base 10.
2
10011 (base 2) to base 11
18
Convert -23 (base 4) to base 5.
-21
-24 (base 15) to base 13
-28
Convert 3 (base 4) to base 16.
3
What is 302 (base 4) in base 16?
32
4 (base 14) to base 9
4
What is 3 (base 13) in base 8?
3
-b (base 16) to base 4
-23
6 (base 15) to base 14
6
-4 (base 5) to base 7
-4
8 (base 13) to base 10
8
8 (base 9) to base 15
8
Convert -152 (base 8) to base 3.
-10221
What is 211 (base 3) in base 4?
112
What is -2213 (base 4) in base 12?
-11b
What is -6 (base 10) in base 6?
-10
What is 0 (base 10) in base 14?
0
0 (base 6) to base 10
0
Convert 3 (base 15) to base 16.
3
Convert -76 (base 11) to base 7.
-146
-2 (base 11) to base 12
-2
Convert 6 (base 13) to base 4.
12
What is 122 (base 9) in base 12?
85
What is 44 (base 5) in base 3?
220
What is -12 (base 13) in base 12?
-13
What is 162 (base 12) in base 2?
11011010
13 (base 7) to base 11
a
What is -10110100 (base 2) in base 11?
-154
What is -14 (base 13) in base 4?
-101
7 (base 9) to base 13
7
What is -2a (base 13) in base 11?
-33
What is 10 (base 3) in base 6?
3
20 (base 6) to base 2
1100
325 (base 6) to base 5
1000
Convert 20 (base 9) to base 16.
12
15 (base 12) to base 5
32
What is 1 (base 7) in base 16?
1
What is -15b (base 12) in base 3?
-21222
3 (base 16) to base 6
3
Convert -8 (base 13) to base 4.
-20
1 (base 2) to base 12
1
What is 7 (base 11) in base 5?
12
Convert 0 (base 7) to base 13.
0
343 (base 8) to base 7
443
-a (base 11) to base 6
-14
0 (base 8) to base 3
0
110 (base 4) to base 14
16
What is 1 (base 12) in base 4?
1
1 (base 7) to base 5
1
80 (base 9) to base 5
242
What is 101 (base 3) in base 15?
a
-18 (base 15) to base 5
-43
What is -2 (base 5) in base 10?
-2
81 (base 14) to base 8
161
Convert 1004 (base 5) to base 14.
93
-11202 (base 4) to base 15
-189
Convert -13e (base 16) to base 7.
-633
-10000 (base 2) to base 14
-12
-22 (base 7) to base 8
-20
2 (base 6) to base 8
2
-1001101 (base 2) to base 13
-5c
Convert -11 (base 4) to base 14.
-5
Convert -3 (base 5) to base 16.
-3
Convert 11 (base 2) to base 8.
3
Convert 124 (base 5) to base 3.
1110
59 (base 15) to base 13
66
Convert -47 (base 14) to base 12.
-53
What is -1101 (base 4) in base 10?
-81
Convert -403 (base 5) to base 10.
-103
What is -1 (base 10) in base 7?
-1
What is -101011 (base 2) in base 13?
-34
What is -16 (base 9) in base 15?
-10
17 (base 8) to base 2
1111
92 (base 15) to base 9
162
What is 1001011 (base 2) in base 15?
50
What is -1101 (base 2) in base 15?
-d
What is 3 (base 9) in base 7?
3
Convert 10 (base 10) to base 3.
101
Convert 6 (base 15) to base 4.
12
-35 (base 15) to base 13
-3b
-1 (base 4) to base 14
-1
-2 (base 7) to base 12
-2
What is -11 (base 5) in base 13?
-6
Convert 2 (base 12) to base 3.
2
Convert 2020 (base 4) to base 2.
10001000
Convert c (base 16) to base 11.
11
8 (base 16) to base 7
11
-21 (base 4) to base 14
-9
17 (base 9) to base 16
10
What is -a (base 13) in base 10?
-10
What is -e (base 16) in base 9?
-15
Convert -61 (base 8) to base 4.
-301
-3 (base 15) to base 12
-3
11 (base 3) to base 14
4
Convert c (base 13) to base 9.
13
97 (base 15) to base 7
262
What is 0 (base 7) in base 5?
0
11 (base 2) to base 12
3
What is 2 (base 13) in base 4?
2
Convert 109 (base 15) to base 13.
150
Convert -102 (base 3) to base 2.
-1011
Convert 2 (base 14) to base 5.
2
20 (base 8) to base 2
10000
What is 1 (base 11) in base 12?
1
Convert 10 (base 3) to base 14.
3
Convert -23 (base 7) to base 15.
-12
Convert -4 (base 6) to base 11.
-4
Convert -10 (base 3) to base 6.
-3
Convert -51 (base 6) to base 4.
-133
Convert 92 (base 14) to base 13.
9b
What is -a (base 12) in base 4?
-22
1 (base 13) to base 3
1
Convert 9 (base 10) to base 14.
9
Convert 55 (base 10) to base 8.
67
Convert 7 (base 16) to base 3.
21
-10 (base 3) to base 16
-3
-11111 (base 2) to base 3
-1011
What is -10 (base 9) in base 13?
-9
What is -11000 (base 4) in base 6?
-1252
What is -1 (base 4) in base 16?
-1
What is -4b (base 14) in base 6?
-151
Convert -3 (base 16) to base 11.
-3
Convert d (base 16) to base 2.
1101
Convert 313 (base 7) to base 15.
a7
1442 (base 5) to base 3
100011
Convert -40 (base 7) to base 8.
-34
What is 13 (base 5) in base 10?
8
What is -234 (base 6) in base 14?
-6a
What is -b (base 15) in base 16?
-b
What is -c (base 16) in base 11?
-11
What is 2 (base 6) in base 11?
2
What is 3 (base 14) in base 15?
3
What is 8 (base 12) in base 6?
12
Convert 42 (base 5) to base 8.
26
-1 (base 14) to base 3
-1
Convert -3 (base 6) to base 14.
-3
What is -75 (base 12) in base 16?
-59
Convert -133 (base 5) to base 12.
-37
Convert -3 (base 13) to base 8.
-3
-47 (base 8) to base 7
-54
-2 (base 4) to base 6
-2
Convert 6a (base 11) to base 7.
136
254 (base 7) to base 15
92
What is 100000001 (base 2) in base 7?
515
-c9 (base 16) to base 15
-d6
Convert -33 (base 4) to base 15.
-10
Convert 110110 (base 2) to base 6.
130
-265 (base 7) to base 2
-10010001
-b (base 16) to base 9
-12
f (base 16) to base 8
17
65 (base 10) to base 6
145
1 (base 15) to base 16
1
Convert -102 (base 4) to base 11.
-17
Convert -10300 (base 4) to base 7.
-613
What is 3 (base 12) in base 5?
3
What is 0 (base 3) in base 15?
0
-1010000 (base 2) to base 15
-55
Convert 1 (base 13) to base 15.
1
222 (base 10) to base 15
ec
29 (base 12) to base 16
21
Convert -22 (base 7) to base 11.
-15
-1 (base 5) to base 13
-1
What is -3 (base 14) in base 15?
-3
-1 (base 10) to base 6
-1
30 (base 7) to base 16
15
-5 (base 9) to base 7
-5
6 (base 10) to base 2
110
Convert 132 (base 10) to base 9.
156
-1110011 (base 2) to base 5
-430
Convert -4 (base 7) to base 5.
-4
Convert 8 (base 15) to base 7.
11
What is -2a (base 11) in base 15?
-22
What is 221 (base 4) in base 6?
105
-2 (base 15) to base 8
-2
What is 2010 (base 3) in base 11?
52
-101 (base 6) to base 7
-52
Convert 3 (base 12) to base 14.
3
Convert -110001 (base 2) to base 7.
-100
Convert 25 (base 9) to base 3.
212
1213 (base 5) to base 3
20210
What is -32 (base 6) in base 7?
-26
47 (base 16) to base 6
155
Convert 1 (base 9) to base 5.
1
-bc (base 13) to base 16
-9b
What is -36 (base 14) in base 10?
-48
22 (base 3) to base 11
8
Convert 2 (base 7) to base 5.
2
-3 (base 13) to base 11
-3
8 (base 9) to base 13
8
134 (base 5) to base 3
1122
Convert 1200 (base 3) to base 11.
41
-49 (base 12) to base 7
-111
What is -c5 (base 15) in base 14?
-d3
Convert -230 (base 6) to base 9.
-110
Convert -4 (base 13) to base 9.
-4
11110 (base 2) to base 11
28
What is 16 (base 14) in base 12?
18
What is 170 (base 8) in base 10?
120
What is 0 (base 15) in base 9?
0
What is -192 (base 11) in base 13?
-141
Convert -21 (base 4) to base 9.
-10
-4 (base 8) to base 9
-4
Convert -630 (base 7) to base 6.
-1243
Convert a9 (base 14) to base 7.
302
What is 130 (base 6) in base 13?
42
1 (base 8) to base 14
1
What is 11 (base 7) in base 9?
8
Convert 7 (base 16) to base 5.
12
-de (base 15) to base 16
-d1
-1011 (base 2) to base 15
-b
What is 2 (base 5) in base 6?
2
325 (base 7) to base 9
204
Convert 272 (base 9) to base 6.
1015
What is -223 (base 5) in base 13?
-4b
What is -5 (base 10) in base 6?
-5
What is 110 (base 2) in base 8?
6
23 (base 4) to base 11
10
What is -23 (base 9) in base 16?
-15
-70 (base 12) to base 3
-10010
What is 31 (base 4) in base 10?
13
Convert 1000 (base 3) to base 2.
11011
Convert -4 (base 6) to base 9.
-4
What is 102 (base 8) in base 11?
60
What is -10 (base 4) in base 3?
-11
-6 (base 13) to base 14
-6
Convert 32 (base 9) to base 8.
35
-21 (base 13) to base 11
-25
Convert -28 (base 13) to base 8.
-42
What is 1 (base 14) in base 10?
1
What is -a (base 11) in base 14?
-a
Convert -4 (base 15) to base 13.
-4
Convert -114 (base 7) to base 13.
-48
-1 (base 7) to base 10
-1
Convert 0 (base 3) to base 12.
0
What is 2 (base 13) in base 4?
2
What is -2 (base 9) in base 11?
-2
-1 (base 4) to base 11
-1
320 (base 8) to base 14
10c
Convert -137 (base 14) to base 7.
-500
-1e (base 16) to base 15
-20
Convert 4 (base 10) to base 13.
4
What is 2 (base 8) in base 10?
2
What is -59 (base 15) in base 8?
-124
-12 (base 7) to base 5
-14
2 (base 8) to base 9
2
What is -d (base 14) in base 12?
-11
Convert 36 (base 14) to base 12.
40
Convert 4 (base 16) to base 13.
4
What is -4 